{"id":106,"date":"2024-08-26T22:38:44","date_gmt":"2024-08-26T20:38:44","guid":{"rendered":"https:\/\/nesticar.com\/?page_id=106"},"modified":"2024-08-26T22:38:45","modified_gmt":"2024-08-26T20:38:45","slug":"introduction","status":"publish","type":"page","link":"https:\/\/nesticar.com\/index.php\/introduction\/","title":{"rendered":"Introduction"},"content":{"rendered":"\n<h3 class=\"wp-block-heading\">Calculateur du Co\u00fbt Total de Votre V\u00e9hicule : Ma\u00eetrisez Vos D\u00e9penses<\/h3>\n\n\n\n<p>Lorsqu&rsquo;on ach\u00e8te une voiture, le prix d&rsquo;achat initial n&rsquo;est qu&rsquo;une partie de l&rsquo;\u00e9quation. Les co\u00fbts li\u00e9s \u00e0 l&rsquo;utilisation quotidienne du v\u00e9hicule, tels que la consommation de carburant ou d&rsquo;\u00e9nergie, peuvent rapidement s&rsquo;accumuler et faire une grande diff\u00e9rence \u00e0 long terme. C&rsquo;est l\u00e0 que notre calculateur intervient : en tenant compte des sp\u00e9cificit\u00e9s de votre v\u00e9hicule, il vous permet d&rsquo;estimer pr\u00e9cis\u00e9ment le co\u00fbt total de votre voiture, en mettant en lumi\u00e8re les d\u00e9penses r\u00e9elles selon le type de motorisation choisi.<\/p>\n\n\n\n<p><strong>Un \u00c9cart Substantiel selon le Type d\u2019\u00c9nergie<\/strong><\/p>\n\n\n\n<p>L&rsquo;une des principales diff\u00e9rences dans les co\u00fbts d&rsquo;utilisation r\u00e9side dans le choix du type de carburant ou d&rsquo;\u00e9nergie. Les voitures thermiques (essence, diesel) sont souvent plus co\u00fbteuses \u00e0 l&rsquo;usage, en raison du prix des carburants, des entretiens plus fr\u00e9quents et des taxes. En revanche, un v\u00e9hicule \u00e9lectrique se distingue par un co\u00fbt r\u00e9duit \u00e0 l\u2019usage, gr\u00e2ce \u00e0 l\u2019\u00e9lectricit\u00e9 plus abordable et une maintenance simplifi\u00e9e.<\/p>\n\n\n\n<p>Avec notre calculateur, d\u00e9couvrez en un clin d&rsquo;\u0153il l\u2019\u00e9cart significatif qui peut exister entre une voiture \u00e9lectrique et une voiture classique. Cet outil met en lumi\u00e8re les \u00e9conomies potentielles en faveur de l\u2019\u00e9lectrique, avec un co\u00fbt au kilom\u00e8tre souvent bien inf\u00e9rieur, en plus des b\u00e9n\u00e9fices \u00e9cologiques.<\/p>\n\n\n\n<p><strong>Une Vision Compl\u00e8te de Vos D\u00e9penses Automobiles<\/strong><\/p>\n\n\n\n<p>En plus des co\u00fbts \u00e9nerg\u00e9tiques, notre calculateur prend en compte d\u2019autres aspects importants : entretien, assurances, d\u00e9pr\u00e9ciation et autres frais annexes. Vous obtenez ainsi une estimation globale et r\u00e9aliste du co\u00fbt de possession sur plusieurs ann\u00e9es, vous aidant \u00e0 faire un choix \u00e9clair\u00e9.<\/p>\n\n\n\n<p>Faites le calcul d\u00e8s maintenant et ma\u00eetrisez chaque euro investi dans votre voiture !<\/p>\n","protected":false},"excerpt":{"rendered":"<p>Calculateur du Co\u00fbt Total de Votre V\u00e9hicule : Ma\u00eetrisez Vos D\u00e9penses Lorsqu&rsquo;on ach\u00e8te une voiture, le prix d&rsquo;achat initial n&rsquo;est qu&rsquo;une partie de l&rsquo;\u00e9quation. Les co\u00fbts li\u00e9s \u00e0 l&rsquo;utilisation quotidienne du v\u00e9hicule, tels que la consommation de carburant ou d&rsquo;\u00e9nergie, peuvent rapidement s&rsquo;accumuler et faire une grande diff\u00e9rence \u00e0 long terme. C&rsquo;est l\u00e0 que notre [&hellip;]<\/p>\n","protected":false},"author":1,"featured_media":0,"parent":0,"menu_order":0,"comment_status":"closed","ping_status":"closed","template":"","meta":{"footnotes":""},"class_list":["post-106","page","type-page","status-publish","hentry"],"yoast_head":"<!-- This site is optimized with the Yoast SEO plugin v23.3 - https:\/\/yoast.com\/wordpress\/plugins\/seo\/ -->\n<title>Introduction - Nesticar<\/title>\n<meta name=\"description\" content=\"Lorsqu&#039;on ach\u00e8te une voiture, le prix d&#039;achat initial n&#039;est qu&#039;une partie de l&#039;\u00e9quation. Les co\u00fbts li\u00e9s \u00e0 l&#039;utilisation quotidienne du v\u00e9hicule, tels que la consommation de carburant ou d&#039;\u00e9nergie, peuvent rapidement s&#039;accumuler et faire une grande diff\u00e9rence \u00e0 long terme. C&#039;est l\u00e0 que notre calculateur intervient : en tenant compte des sp\u00e9cificit\u00e9s de votre v\u00e9hicule, il vous permet d&#039;estimer pr\u00e9cis\u00e9ment le co\u00fbt total de votre voiture, en mettant en lumi\u00e8re les d\u00e9penses r\u00e9elles selon le type de motorisation choisi.Un \u00c9cart Substantiel selon le Type d\u2019\u00c9nergieL&#039;une des principales diff\u00e9rences dans les co\u00fbts d&#039;utilisation r\u00e9side dans le choix du type de carburant ou d&#039;\u00e9nergie. Les voitures thermiques (essence, diesel) sont souvent plus co\u00fbteuses \u00e0 l&#039;usage, en raison du prix des carburants, des entretiens plus fr\u00e9quents et des taxes. En revanche, un v\u00e9hicule \u00e9lectrique se distingue par un co\u00fbt r\u00e9duit \u00e0 l\u2019usage, gr\u00e2ce \u00e0 l\u2019\u00e9lectricit\u00e9 plus abordable et une maintenance simplifi\u00e9e.Avec notre calculateur, d\u00e9couvrez en un clin d&#039;\u0153il l\u2019\u00e9cart significatif qui peut exister entre une voiture \u00e9lectrique et une voiture classique. Cet outil met en lumi\u00e8re les \u00e9conomies potentielles en faveur de l\u2019\u00e9lectrique, avec un co\u00fbt au kilom\u00e8tre souvent bien inf\u00e9rieur, en plus des b\u00e9n\u00e9fices \u00e9cologiques.Une Vision Compl\u00e8te de Vos D\u00e9penses AutomobilesEn plus des co\u00fbts \u00e9nerg\u00e9tiques, notre calculateur prend en compte d\u2019autres aspects importants : entretien, assurances, d\u00e9pr\u00e9ciation et autres frais annexes. Vous obtenez ainsi une estimation globale et r\u00e9aliste du co\u00fbt de possession sur plusieurs ann\u00e9es, vous aidant \u00e0 faire un choix \u00e9clair\u00e9.Faites le calcul d\u00e8s maintenant et ma\u00eetrisez chaque euro investi dans votre voiture !\" \/>\n<meta name=\"robots\" content=\"index, follow, max-snippet:-1, max-image-preview:large, max-video-preview:-1\" \/>\n<link rel=\"canonical\" href=\"https:\/\/nesticar.com\/index.php\/introduction\/\" \/>\n<meta property=\"og:locale\" content=\"fr_FR\" \/>\n<meta property=\"og:type\" content=\"article\" \/>\n<meta property=\"og:title\" content=\"Introduction - Nesticar\" \/>\n<meta property=\"og:description\" content=\"Lorsqu&#039;on ach\u00e8te une voiture, le prix d&#039;achat initial n&#039;est qu&#039;une partie de l&#039;\u00e9quation. Les co\u00fbts li\u00e9s \u00e0 l&#039;utilisation quotidienne du v\u00e9hicule, tels que la consommation de carburant ou d&#039;\u00e9nergie, peuvent rapidement s&#039;accumuler et faire une grande diff\u00e9rence \u00e0 long terme. C&#039;est l\u00e0 que notre calculateur intervient : en tenant compte des sp\u00e9cificit\u00e9s de votre v\u00e9hicule, il vous permet d&#039;estimer pr\u00e9cis\u00e9ment le co\u00fbt total de votre voiture, en mettant en lumi\u00e8re les d\u00e9penses r\u00e9elles selon le type de motorisation choisi.Un \u00c9cart Substantiel selon le Type d\u2019\u00c9nergieL&#039;une des principales diff\u00e9rences dans les co\u00fbts d&#039;utilisation r\u00e9side dans le choix du type de carburant ou d&#039;\u00e9nergie. Les voitures thermiques (essence, diesel) sont souvent plus co\u00fbteuses \u00e0 l&#039;usage, en raison du prix des carburants, des entretiens plus fr\u00e9quents et des taxes. En revanche, un v\u00e9hicule \u00e9lectrique se distingue par un co\u00fbt r\u00e9duit \u00e0 l\u2019usage, gr\u00e2ce \u00e0 l\u2019\u00e9lectricit\u00e9 plus abordable et une maintenance simplifi\u00e9e.Avec notre calculateur, d\u00e9couvrez en un clin d&#039;\u0153il l\u2019\u00e9cart significatif qui peut exister entre une voiture \u00e9lectrique et une voiture classique. Cet outil met en lumi\u00e8re les \u00e9conomies potentielles en faveur de l\u2019\u00e9lectrique, avec un co\u00fbt au kilom\u00e8tre souvent bien inf\u00e9rieur, en plus des b\u00e9n\u00e9fices \u00e9cologiques.Une Vision Compl\u00e8te de Vos D\u00e9penses AutomobilesEn plus des co\u00fbts \u00e9nerg\u00e9tiques, notre calculateur prend en compte d\u2019autres aspects importants : entretien, assurances, d\u00e9pr\u00e9ciation et autres frais annexes. Vous obtenez ainsi une estimation globale et r\u00e9aliste du co\u00fbt de possession sur plusieurs ann\u00e9es, vous aidant \u00e0 faire un choix \u00e9clair\u00e9.Faites le calcul d\u00e8s maintenant et ma\u00eetrisez chaque euro investi dans votre voiture !\" \/>\n<meta property=\"og:url\" content=\"https:\/\/nesticar.com\/index.php\/introduction\/\" \/>\n<meta property=\"og:site_name\" content=\"Nesticar\" \/>\n<meta property=\"article:modified_time\" content=\"2024-08-26T20:38:45+00:00\" \/>\n<meta name=\"twitter:card\" content=\"summary_large_image\" \/>\n<meta name=\"twitter:label1\" content=\"Dur\u00e9e de lecture estim\u00e9e\" \/>\n\t<meta name=\"twitter:data1\" content=\"2 minutes\" \/>\n<script type=\"application\/ld+json\" class=\"yoast-schema-graph\">{\"@context\":\"https:\/\/schema.org\",\"@graph\":[{\"@type\":\"WebPage\",\"@id\":\"https:\/\/nesticar.com\/index.php\/introduction\/\",\"url\":\"https:\/\/nesticar.com\/index.php\/introduction\/\",\"name\":\"Introduction - Nesticar\",\"isPartOf\":{\"@id\":\"https:\/\/nesticar.com\/#website\"},\"datePublished\":\"2024-08-26T20:38:44+00:00\",\"dateModified\":\"2024-08-26T20:38:45+00:00\",\"description\":\"Lorsqu'on ach\u00e8te une voiture, le prix d'achat initial n'est qu'une partie de l'\u00e9quation. Les co\u00fbts li\u00e9s \u00e0 l'utilisation quotidienne du v\u00e9hicule, tels que la consommation de carburant ou d'\u00e9nergie, peuvent rapidement s'accumuler et faire une grande diff\u00e9rence \u00e0 long terme. C'est l\u00e0 que notre calculateur intervient : en tenant compte des sp\u00e9cificit\u00e9s de votre v\u00e9hicule, il vous permet d'estimer pr\u00e9cis\u00e9ment le co\u00fbt total de votre voiture, en mettant en lumi\u00e8re les d\u00e9penses r\u00e9elles selon le type de motorisation choisi.Un \u00c9cart Substantiel selon le Type d\u2019\u00c9nergieL'une des principales diff\u00e9rences dans les co\u00fbts d'utilisation r\u00e9side dans le choix du type de carburant ou d'\u00e9nergie. Les voitures thermiques (essence, diesel) sont souvent plus co\u00fbteuses \u00e0 l'usage, en raison du prix des carburants, des entretiens plus fr\u00e9quents et des taxes. En revanche, un v\u00e9hicule \u00e9lectrique se distingue par un co\u00fbt r\u00e9duit \u00e0 l\u2019usage, gr\u00e2ce \u00e0 l\u2019\u00e9lectricit\u00e9 plus abordable et une maintenance simplifi\u00e9e.Avec notre calculateur, d\u00e9couvrez en un clin d'\u0153il l\u2019\u00e9cart significatif qui peut exister entre une voiture \u00e9lectrique et une voiture classique. Cet outil met en lumi\u00e8re les \u00e9conomies potentielles en faveur de l\u2019\u00e9lectrique, avec un co\u00fbt au kilom\u00e8tre souvent bien inf\u00e9rieur, en plus des b\u00e9n\u00e9fices \u00e9cologiques.Une Vision Compl\u00e8te de Vos D\u00e9penses AutomobilesEn plus des co\u00fbts \u00e9nerg\u00e9tiques, notre calculateur prend en compte d\u2019autres aspects importants : entretien, assurances, d\u00e9pr\u00e9ciation et autres frais annexes. Vous obtenez ainsi une estimation globale et r\u00e9aliste du co\u00fbt de possession sur plusieurs ann\u00e9es, vous aidant \u00e0 faire un choix \u00e9clair\u00e9.Faites le calcul d\u00e8s maintenant et ma\u00eetrisez chaque euro investi dans votre voiture !\",\"breadcrumb\":{\"@id\":\"https:\/\/nesticar.com\/index.php\/introduction\/#breadcrumb\"},\"inLanguage\":\"fr-FR\",\"potentialAction\":[{\"@type\":\"ReadAction\",\"target\":[\"https:\/\/nesticar.com\/index.php\/introduction\/\"]}]},{\"@type\":\"BreadcrumbList\",\"@id\":\"https:\/\/nesticar.com\/index.php\/introduction\/#breadcrumb\",\"itemListElement\":[{\"@type\":\"ListItem\",\"position\":1,\"name\":\"Accueil\",\"item\":\"https:\/\/nesticar.com\/\"},{\"@type\":\"ListItem\",\"position\":2,\"name\":\"Introduction\"}]},{\"@type\":\"WebSite\",\"@id\":\"https:\/\/nesticar.com\/#website\",\"url\":\"https:\/\/nesticar.com\/\",\"name\":\"Nesticar\",\"description\":\"Combien votre voiture va vraiment vous couter ?\",\"potentialAction\":[{\"@type\":\"SearchAction\",\"target\":{\"@type\":\"EntryPoint\",\"urlTemplate\":\"https:\/\/nesticar.com\/?s={search_term_string}\"},\"query-input\":\"required name=search_term_string\"}],\"inLanguage\":\"fr-FR\"}]}<\/script>\n<!-- \/ Yoast SEO plugin. -->","yoast_head_json":{"title":"Introduction - Nesticar","description":"Lorsqu'on ach\u00e8te une voiture, le prix d'achat initial n'est qu'une partie de l'\u00e9quation. Les co\u00fbts li\u00e9s \u00e0 l'utilisation quotidienne du v\u00e9hicule, tels que la consommation de carburant ou d'\u00e9nergie, peuvent rapidement s'accumuler et faire une grande diff\u00e9rence \u00e0 long terme. C'est l\u00e0 que notre calculateur intervient : en tenant compte des sp\u00e9cificit\u00e9s de votre v\u00e9hicule, il vous permet d'estimer pr\u00e9cis\u00e9ment le co\u00fbt total de votre voiture, en mettant en lumi\u00e8re les d\u00e9penses r\u00e9elles selon le type de motorisation choisi.Un \u00c9cart Substantiel selon le Type d\u2019\u00c9nergieL'une des principales diff\u00e9rences dans les co\u00fbts d'utilisation r\u00e9side dans le choix du type de carburant ou d'\u00e9nergie. Les voitures thermiques (essence, diesel) sont souvent plus co\u00fbteuses \u00e0 l'usage, en raison du prix des carburants, des entretiens plus fr\u00e9quents et des taxes. En revanche, un v\u00e9hicule \u00e9lectrique se distingue par un co\u00fbt r\u00e9duit \u00e0 l\u2019usage, gr\u00e2ce \u00e0 l\u2019\u00e9lectricit\u00e9 plus abordable et une maintenance simplifi\u00e9e.Avec notre calculateur, d\u00e9couvrez en un clin d'\u0153il l\u2019\u00e9cart significatif qui peut exister entre une voiture \u00e9lectrique et une voiture classique. Cet outil met en lumi\u00e8re les \u00e9conomies potentielles en faveur de l\u2019\u00e9lectrique, avec un co\u00fbt au kilom\u00e8tre souvent bien inf\u00e9rieur, en plus des b\u00e9n\u00e9fices \u00e9cologiques.Une Vision Compl\u00e8te de Vos D\u00e9penses AutomobilesEn plus des co\u00fbts \u00e9nerg\u00e9tiques, notre calculateur prend en compte d\u2019autres aspects importants : entretien, assurances, d\u00e9pr\u00e9ciation et autres frais annexes. Vous obtenez ainsi une estimation globale et r\u00e9aliste du co\u00fbt de possession sur plusieurs ann\u00e9es, vous aidant \u00e0 faire un choix \u00e9clair\u00e9.Faites le calcul d\u00e8s maintenant et ma\u00eetrisez chaque euro investi dans votre voiture !","robots":{"index":"index","follow":"follow","max-snippet":"max-snippet:-1","max-image-preview":"max-image-preview:large","max-video-preview":"max-video-preview:-1"},"canonical":"https:\/\/nesticar.com\/index.php\/introduction\/","og_locale":"fr_FR","og_type":"article","og_title":"Introduction - Nesticar","og_description":"Lorsqu'on ach\u00e8te une voiture, le prix d'achat initial n'est qu'une partie de l'\u00e9quation. Les co\u00fbts li\u00e9s \u00e0 l'utilisation quotidienne du v\u00e9hicule, tels que la consommation de carburant ou d'\u00e9nergie, peuvent rapidement s'accumuler et faire une grande diff\u00e9rence \u00e0 long terme. C'est l\u00e0 que notre calculateur intervient : en tenant compte des sp\u00e9cificit\u00e9s de votre v\u00e9hicule, il vous permet d'estimer pr\u00e9cis\u00e9ment le co\u00fbt total de votre voiture, en mettant en lumi\u00e8re les d\u00e9penses r\u00e9elles selon le type de motorisation choisi.Un \u00c9cart Substantiel selon le Type d\u2019\u00c9nergieL'une des principales diff\u00e9rences dans les co\u00fbts d'utilisation r\u00e9side dans le choix du type de carburant ou d'\u00e9nergie. Les voitures thermiques (essence, diesel) sont souvent plus co\u00fbteuses \u00e0 l'usage, en raison du prix des carburants, des entretiens plus fr\u00e9quents et des taxes. En revanche, un v\u00e9hicule \u00e9lectrique se distingue par un co\u00fbt r\u00e9duit \u00e0 l\u2019usage, gr\u00e2ce \u00e0 l\u2019\u00e9lectricit\u00e9 plus abordable et une maintenance simplifi\u00e9e.Avec notre calculateur, d\u00e9couvrez en un clin d'\u0153il l\u2019\u00e9cart significatif qui peut exister entre une voiture \u00e9lectrique et une voiture classique. Cet outil met en lumi\u00e8re les \u00e9conomies potentielles en faveur de l\u2019\u00e9lectrique, avec un co\u00fbt au kilom\u00e8tre souvent bien inf\u00e9rieur, en plus des b\u00e9n\u00e9fices \u00e9cologiques.Une Vision Compl\u00e8te de Vos D\u00e9penses AutomobilesEn plus des co\u00fbts \u00e9nerg\u00e9tiques, notre calculateur prend en compte d\u2019autres aspects importants : entretien, assurances, d\u00e9pr\u00e9ciation et autres frais annexes. Vous obtenez ainsi une estimation globale et r\u00e9aliste du co\u00fbt de possession sur plusieurs ann\u00e9es, vous aidant \u00e0 faire un choix \u00e9clair\u00e9.Faites le calcul d\u00e8s maintenant et ma\u00eetrisez chaque euro investi dans votre voiture !","og_url":"https:\/\/nesticar.com\/index.php\/introduction\/","og_site_name":"Nesticar","article_modified_time":"2024-08-26T20:38:45+00:00","twitter_card":"summary_large_image","twitter_misc":{"Dur\u00e9e de lecture estim\u00e9e":"2 minutes"},"schema":{"@context":"https:\/\/schema.org","@graph":[{"@type":"WebPage","@id":"https:\/\/nesticar.com\/index.php\/introduction\/","url":"https:\/\/nesticar.com\/index.php\/introduction\/","name":"Introduction - Nesticar","isPartOf":{"@id":"https:\/\/nesticar.com\/#website"},"datePublished":"2024-08-26T20:38:44+00:00","dateModified":"2024-08-26T20:38:45+00:00","description":"Lorsqu'on ach\u00e8te une voiture, le prix d'achat initial n'est qu'une partie de l'\u00e9quation. Les co\u00fbts li\u00e9s \u00e0 l'utilisation quotidienne du v\u00e9hicule, tels que la consommation de carburant ou d'\u00e9nergie, peuvent rapidement s'accumuler et faire une grande diff\u00e9rence \u00e0 long terme. C'est l\u00e0 que notre calculateur intervient : en tenant compte des sp\u00e9cificit\u00e9s de votre v\u00e9hicule, il vous permet d'estimer pr\u00e9cis\u00e9ment le co\u00fbt total de votre voiture, en mettant en lumi\u00e8re les d\u00e9penses r\u00e9elles selon le type de motorisation choisi.Un \u00c9cart Substantiel selon le Type d\u2019\u00c9nergieL'une des principales diff\u00e9rences dans les co\u00fbts d'utilisation r\u00e9side dans le choix du type de carburant ou d'\u00e9nergie. Les voitures thermiques (essence, diesel) sont souvent plus co\u00fbteuses \u00e0 l'usage, en raison du prix des carburants, des entretiens plus fr\u00e9quents et des taxes. En revanche, un v\u00e9hicule \u00e9lectrique se distingue par un co\u00fbt r\u00e9duit \u00e0 l\u2019usage, gr\u00e2ce \u00e0 l\u2019\u00e9lectricit\u00e9 plus abordable et une maintenance simplifi\u00e9e.Avec notre calculateur, d\u00e9couvrez en un clin d'\u0153il l\u2019\u00e9cart significatif qui peut exister entre une voiture \u00e9lectrique et une voiture classique. Cet outil met en lumi\u00e8re les \u00e9conomies potentielles en faveur de l\u2019\u00e9lectrique, avec un co\u00fbt au kilom\u00e8tre souvent bien inf\u00e9rieur, en plus des b\u00e9n\u00e9fices \u00e9cologiques.Une Vision Compl\u00e8te de Vos D\u00e9penses AutomobilesEn plus des co\u00fbts \u00e9nerg\u00e9tiques, notre calculateur prend en compte d\u2019autres aspects importants : entretien, assurances, d\u00e9pr\u00e9ciation et autres frais annexes. Vous obtenez ainsi une estimation globale et r\u00e9aliste du co\u00fbt de possession sur plusieurs ann\u00e9es, vous aidant \u00e0 faire un choix \u00e9clair\u00e9.Faites le calcul d\u00e8s maintenant et ma\u00eetrisez chaque euro investi dans votre voiture !","breadcrumb":{"@id":"https:\/\/nesticar.com\/index.php\/introduction\/#breadcrumb"},"inLanguage":"fr-FR","potentialAction":[{"@type":"ReadAction","target":["https:\/\/nesticar.com\/index.php\/introduction\/"]}]},{"@type":"BreadcrumbList","@id":"https:\/\/nesticar.com\/index.php\/introduction\/#breadcrumb","itemListElement":[{"@type":"ListItem","position":1,"name":"Accueil","item":"https:\/\/nesticar.com\/"},{"@type":"ListItem","position":2,"name":"Introduction"}]},{"@type":"WebSite","@id":"https:\/\/nesticar.com\/#website","url":"https:\/\/nesticar.com\/","name":"Nesticar","description":"Combien votre voiture va vraiment vous couter ?","potentialAction":[{"@type":"SearchAction","target":{"@type":"EntryPoint","urlTemplate":"https:\/\/nesticar.com\/?s={search_term_string}"},"query-input":"required name=search_term_string"}],"inLanguage":"fr-FR"}]}},"jetpack_sharing_enabled":true,"_links":{"self":[{"href":"https:\/\/nesticar.com\/index.php\/wp-json\/wp\/v2\/pages\/106","targetHints":{"allow":["GET"]}}],"collection":[{"href":"https:\/\/nesticar.com\/index.php\/wp-json\/wp\/v2\/pages"}],"about":[{"href":"https:\/\/nesticar.com\/index.php\/wp-json\/wp\/v2\/types\/page"}],"author":[{"embeddable":true,"href":"https:\/\/nesticar.com\/index.php\/wp-json\/wp\/v2\/users\/1"}],"replies":[{"embeddable":true,"href":"https:\/\/nesticar.com\/index.php\/wp-json\/wp\/v2\/comments?post=106"}],"version-history":[{"count":1,"href":"https:\/\/nesticar.com\/index.php\/wp-json\/wp\/v2\/pages\/106\/revisions"}],"predecessor-version":[{"id":107,"href":"https:\/\/nesticar.com\/index.php\/wp-json\/wp\/v2\/pages\/106\/revisions\/107"}],"wp:attachment":[{"href":"https:\/\/nesticar.com\/index.php\/wp-json\/wp\/v2\/media?parent=106"}],"curies":[{"name":"wp","href":"https:\/\/api.w.org\/{rel}","templated":true}]}}